{"id":139,"date":"2024-04-02T11:23:31","date_gmt":"2024-04-02T09:23:31","guid":{"rendered":"https:\/\/www.physiopraxis-ingegeel.ch\/site\/?page_id=139"},"modified":"2024-04-02T13:57:28","modified_gmt":"2024-04-02T11:57:28","slug":"faszien-narbentherapie","status":"publish","type":"page","link":"https:\/\/www.physiopraxis-ingegeel.ch\/site\/faszien-narbentherapie\/","title":{"rendered":"Faszien- \/Narbentherapie"},"content":{"rendered":"\n<div class=\"wp-block-group alignfull has-background-background-color has-background is-layout-flow wp-block-group-is-layout-flow\" style=\"padding-top:6vw;padding-right:6vw;padding-bottom:6vw;padding-left:6vw\">\n<div class=\"wp-block-group is-vertical is-nowrap is-layout-flex wp-container-core-group-is-layout-36fd9ea3 wp-block-group-is-layout-flex\" style=\"padding-right:0;padding-left:0\">\n<h6 class=\"wp-block-heading has-text-color\" id=\"ecosystem\" style=\"color:#000000;font-size:16px\">Faszien- \/Narbentherapie<\/h6>\n\n\n\n<p class=\"has-text-color\" style=\"color:#000000;font-size:6vw;font-style:normal;font-weight:700;letter-spacing:0px;line-height:0.9;text-decoration:none;text-transform:none\">Boegertherapie<\/p>\n<\/div>\n\n\n\n<div style=\"height:1vw\" aria-hidden=\"true\" class=\"wp-block-spacer\"><\/div>\n\n\n\n<div class=\"wp-block-group alignwide is-vertical is-nowrap is-layout-flex wp-container-core-group-is-layout-7946b6b8 wp-block-group-is-layout-flex\" style=\"padding-top:0;padding-right:0;padding-bottom:0;padding-left:0\">\n<div class=\"wp-block-columns alignwide is-layout-flex wp-container-core-columns-is-layout-21b20327 wp-block-columns-is-layout-flex\">\n<div class=\"wp-block-column is-layout-flow wp-block-column-is-layout-flow\" style=\"flex-basis:33.38%\">\n<p>Faszien geben dem K\u00f6rper Form, Halt und Struktur. Diese k\u00f6nnen sehr fest und dicht sein, oder ein lockeres Netz bilden. Jeder Muskel, jedes Organ, jede Dr\u00fcse besitzt eine eigene Faszie, eine eigene Umh\u00fcllung.<\/p>\n\n\n\n<p>Da alle Faszien miteinander verbunden sind, haben Ver\u00e4nderungen (eine Operation, eine Entz\u00fcndung, eine \u00dcberlastung usw.) eine direkte Auswirkung auf den ganzen K\u00f6rper. An einigen Beispielen l\u00e4sst sich dies am besten verdeutlichen<\/p>\n<\/div>\n\n\n\n<div class=\"wp-block-column is-layout-flow wp-block-column-is-layout-flow\" style=\"flex-basis:33%\">\n<ul class=\"wp-block-list\">\n<li>Eine Bauchoperation vor vielen Jahren (Geb\u00e4rmutter-entfernung, Kaiserschnitt, usw.) verursachte innere Narben im Bauchraum. Diese Narben verhinderten die maximale Aufrichtung dieser Person und es entwickelte sich eine unklare Schulter-problematik auf Grund der fehlenden Aufrichtung.<\/li>\n\n\n\n<li>Krampfadern stehen oft im Zusammenhang mit einem blockierten Abfluss verursacht durch zum Beispiel einen verstopften Dickdarm oder der Narbe einer Unterleibsoperation.<\/li>\n<\/ul>\n<\/div>\n\n\n\n<div class=\"wp-block-column is-layout-flow wp-block-column-is-layout-flow\" style=\"flex-basis:33.62%\">\n<figure class=\"wp-block-image size-full\"><img loading=\"lazy\" decoding=\"async\" width=\"530\" height=\"830\" src=\"https:\/\/www.physiopraxis-ingegeel.ch\/site\/wp-content\/uploads\/2024\/03\/DSC_0089_96dpi.jpg\" alt=\"\" class=\"wp-image-140\" srcset=\"https:\/\/www.physiopraxis-ingegeel.ch\/site\/wp-content\/uploads\/2024\/03\/DSC_0089_96dpi.jpg 530w, https:\/\/www.physiopraxis-ingegeel.ch\/site\/wp-content\/uploads\/2024\/03\/DSC_0089_96dpi-192x300.jpg 192w\" sizes=\"auto, (max-width: 530px) 100vw, 530px\" \/><\/figure>\n<\/div>\n<\/div>\n\n\n\n<div class=\"wp-block-columns alignwide are-vertically-aligned-center is-layout-flex wp-container-core-columns-is-layout-c24efe4f wp-block-columns-is-layout-flex\">\n<div class=\"wp-block-column is-vertically-aligned-center is-layout-flow wp-block-column-is-layout-flow\" style=\"flex-basis:69%\">\n<figure class=\"wp-block-image size-large\"><img loading=\"lazy\" decoding=\"async\" width=\"1024\" height=\"686\" src=\"https:\/\/www.physiopraxis-ingegeel.ch\/site\/wp-content\/uploads\/2024\/03\/DSC_0101_96dpi-1024x686.jpg\" alt=\"\" class=\"wp-image-141\" srcset=\"https:\/\/www.physiopraxis-ingegeel.ch\/site\/wp-content\/uploads\/2024\/03\/DSC_0101_96dpi-1024x686.jpg 1024w, https:\/\/www.physiopraxis-ingegeel.ch\/site\/wp-content\/uploads\/2024\/03\/DSC_0101_96dpi-300x201.jpg 300w, https:\/\/www.physiopraxis-ingegeel.ch\/site\/wp-content\/uploads\/2024\/03\/DSC_0101_96dpi-768x514.jpg 768w, https:\/\/www.physiopraxis-ingegeel.ch\/site\/wp-content\/uploads\/2024\/03\/DSC_0101_96dpi.jpg 1239w\" sizes=\"auto, (max-width: 1024px) 100vw, 1024px\" \/><\/figure>\n<\/div>\n\n\n\n<div class=\"wp-block-column is-vertically-aligned-center is-layout-flow wp-block-column-is-layout-flow\" style=\"flex-basis:33%\">\n<div style=\"height:2vw\" aria-hidden=\"true\" class=\"wp-block-spacer\"><\/div>\n\n\n\n<p>W\u00e4hrend der Therapie wird das Gewebe auf seine Beweglichkeit getestet und lokal Druck mit den Fingerspitzen auf die Haut\/Gewebsschichten gegeben, bis sich die Verklebung gel\u00f6st hat.<\/p>\n\n\n\n<p>Im Allgemeinen bewegt man sich nachher viel besser, f\u00fchlt sich wieder frei, kann sich wieder aufrichten, kann besser atmen und Schmerzen sind deutlich weniger bis ganz weg.<\/p>\n<\/div>\n<\/div>\n<\/div>\n<\/div>\n","protected":false},"excerpt":{"rendered":"<p>Faszien- \/Narbentherapie Boegertherapie Faszien geben dem K\u00f6rper Form, Halt und Struktur. Diese k\u00f6nnen sehr fest und dicht sein, oder ein lockeres Netz bilden. Jeder Muskel, jedes Organ, jede Dr\u00fcse besitzt eine eigene Faszie, eine eigene Umh\u00fcllung. Da alle Faszien miteinander verbunden sind, haben Ver\u00e4nderungen (eine Operation, eine Entz\u00fcndung, eine \u00dcberlastung usw.) eine direkte Auswirkung auf [&hellip;]<\/p>\n","protected":false},"author":2,"featured_media":0,"parent":0,"menu_order":0,"comment_status":"closed","ping_status":"closed","template":"","meta":{"footnotes":""},"class_list":["post-139","page","type-page","status-publish","hentry"],"aioseo_notices":[],"_links":{"self":[{"href":"https:\/\/www.physiopraxis-ingegeel.ch\/site\/wp-json\/wp\/v2\/pages\/139","targetHints":{"allow":["GET"]}}],"collection":[{"href":"https:\/\/www.physiopraxis-ingegeel.ch\/site\/wp-json\/wp\/v2\/pages"}],"about":[{"href":"https:\/\/www.physiopraxis-ingegeel.ch\/site\/wp-json\/wp\/v2\/types\/page"}],"author":[{"embeddable":true,"href":"https:\/\/www.physiopraxis-ingegeel.ch\/site\/wp-json\/wp\/v2\/users\/2"}],"replies":[{"embeddable":true,"href":"https:\/\/www.physiopraxis-ingegeel.ch\/site\/wp-json\/wp\/v2\/comments?post=139"}],"version-history":[{"count":4,"href":"https:\/\/www.physiopraxis-ingegeel.ch\/site\/wp-json\/wp\/v2\/pages\/139\/revisions"}],"predecessor-version":[{"id":153,"href":"https:\/\/www.physiopraxis-ingegeel.ch\/site\/wp-json\/wp\/v2\/pages\/139\/revisions\/153"}],"wp:attachment":[{"href":"https:\/\/www.physiopraxis-ingegeel.ch\/site\/wp-json\/wp\/v2\/media?parent=139"}],"curies":[{"name":"wp","href":"https:\/\/api.w.org\/{rel}","templated":true}]}}

<div class="wp-block-group alignfull has-background-background-color has-background is-layout-flow wp-block-group-is-layout-flow" style="padding-top:6vw;padding-right:6vw;padding-bottom:6vw;padding-left:6vw">
<div class="wp-block-group is-vertical is-nowrap is-layout-flex wp-container-core-group-is-layout-36fd9ea3 wp-block-group-is-layout-flex" style="padding-right:0;padding-left:0">
<h6 class="wp-block-heading has-text-color" id="ecosystem" style="color:#000000;font-size:16px">Faszien- /Narbentherapie</h6>



<p class="has-text-color" style="color:#000000;font-size:6vw;font-style:normal;font-weight:700;letter-spacing:0px;line-height:0.9;text-decoration:none;text-transform:none">Boegertherapie</p>
</div>



<div style="height:1vw" aria-hidden="true" class="wp-block-spacer"></div>



<div class="wp-block-group alignwide is-vertical is-nowrap is-layout-flex wp-container-core-group-is-layout-7946b6b8 wp-block-group-is-layout-flex" style="padding-top:0;padding-right:0;padding-bottom:0;padding-left:0">
<div class="wp-block-columns alignwide is-layout-flex wp-container-core-columns-is-layout-21b20327 wp-block-columns-is-layout-flex">
<div class="wp-block-column is-layout-flow wp-block-column-is-layout-flow" style="flex-basis:33.38%">
<p>Faszien geben dem Körper Form, Halt und Struktur. Diese können sehr fest und dicht sein, oder ein lockeres Netz bilden. Jeder Muskel, jedes Organ, jede Drüse besitzt eine eigene Faszie, eine eigene Umhüllung.</p>



<p>Da alle Faszien miteinander verbunden sind, haben Veränderungen (eine Operation, eine Entzündung, eine Überlastung usw.) eine direkte Auswirkung auf den ganzen Körper. An einigen Beispielen lässt sich dies am besten verdeutlichen</p>
</div>



<div class="wp-block-column is-layout-flow wp-block-column-is-layout-flow" style="flex-basis:33%">
<ul class="wp-block-list">
<li>Eine Bauchoperation vor vielen Jahren (Gebärmutter-entfernung, Kaiserschnitt, usw.) verursachte innere Narben im Bauchraum. Diese Narben verhinderten die maximale Aufrichtung dieser Person und es entwickelte sich eine unklare Schulter-problematik auf Grund der fehlenden Aufrichtung.</li>



<li>Krampfadern stehen oft im Zusammenhang mit einem blockierten Abfluss verursacht durch zum Beispiel einen verstopften Dickdarm oder der Narbe einer Unterleibsoperation.</li>
</ul>
</div>



<div class="wp-block-column is-layout-flow wp-block-column-is-layout-flow" style="flex-basis:33.62%">
<figure class="wp-block-image size-full"><img loading="lazy" decoding="async" width="530" height="830" src="https://www.physiopraxis-ingegeel.ch/site/wp-content/uploads/2024/03/DSC_0089_96dpi.jpg" alt="" class="wp-image-140" srcset="https://www.physiopraxis-ingegeel.ch/site/wp-content/uploads/2024/03/DSC_0089_96dpi.jpg 530w, https://www.physiopraxis-ingegeel.ch/site/wp-content/uploads/2024/03/DSC_0089_96dpi-192x300.jpg 192w" sizes="auto, (max-width: 530px) 100vw, 530px" /></figure>
</div>
</div>



<div class="wp-block-columns alignwide are-vertically-aligned-center is-layout-flex wp-container-core-columns-is-layout-c24efe4f wp-block-columns-is-layout-flex">
<div class="wp-block-column is-vertically-aligned-center is-layout-flow wp-block-column-is-layout-flow" style="flex-basis:69%">
<figure class="wp-block-image size-large"><img loading="lazy" decoding="async" width="1024" height="686" src="https://www.physiopraxis-ingegeel.ch/site/wp-content/uploads/2024/03/DSC_0101_96dpi-1024x686.jpg" alt="" class="wp-image-141" srcset="https://www.physiopraxis-ingegeel.ch/site/wp-content/uploads/2024/03/DSC_0101_96dpi-1024x686.jpg 1024w, https://www.physiopraxis-ingegeel.ch/site/wp-content/uploads/2024/03/DSC_0101_96dpi-300x201.jpg 300w, https://www.physiopraxis-ingegeel.ch/site/wp-content/uploads/2024/03/DSC_0101_96dpi-768x514.jpg 768w, https://www.physiopraxis-ingegeel.ch/site/wp-content/uploads/2024/03/DSC_0101_96dpi.jpg 1239w" sizes="auto, (max-width: 1024px) 100vw, 1024px" /></figure>
</div>



<div class="wp-block-column is-vertically-aligned-center is-layout-flow wp-block-column-is-layout-flow" style="flex-basis:33%">
<div style="height:2vw" aria-hidden="true" class="wp-block-spacer"></div>



<p>Während der Therapie wird das Gewebe auf seine Beweglichkeit getestet und lokal Druck mit den Fingerspitzen auf die Haut/Gewebsschichten gegeben, bis sich die Verklebung gelöst hat.</p>



<p>Im Allgemeinen bewegt man sich nachher viel besser, fühlt sich wieder frei, kann sich wieder aufrichten, kann besser atmen und Schmerzen sind deutlich weniger bis ganz weg.</p>
</div>
</div>
</div>
</div>

<p>Faszien- /Narbentherapie Boegertherapie Faszien geben dem Körper Form, Halt und Struktur. Diese können sehr fest und dicht sein, oder ein lockeres Netz bilden. Jeder Muskel, jedes Organ, jede Drüse besitzt eine eigene Faszie, eine eigene Umhüllung. Da alle Faszien miteinander verbunden sind, haben Veränderungen (eine Operation, eine Entzündung, eine Überlastung usw.) eine direkte Auswirkung auf [&hellip;]</p>
